{"id":161,"date":"2025-12-04T12:35:55","date_gmt":"2025-12-04T12:35:55","guid":{"rendered":"https:\/\/www.sirincerehabilitasyon.com\/?page_id=161"},"modified":"2025-12-04T12:35:56","modified_gmt":"2025-12-04T12:35:56","slug":"zihinsel-engelliler-egitimi","status":"publish","type":"page","link":"https:\/\/www.sirincerehabilitasyon.com\/?page_id=161","title":{"rendered":"Zihinsel Engelliler E\u011fitimi"},"content":{"rendered":"\n<p><strong>Zihinsel Engelliler E\u011fitimi <\/strong><\/p>\n\n\n\n<p>Zihinsel geli\u015fim d\u00fczeyi akranlar\u0131na g\u00f6re daha yava\u015f ilerleyen bireyler, do\u011fru e\u011fitim deste\u011fiyle ya\u015fam\u0131n her alan\u0131nda \u00f6nemli geli\u015fmeler g\u00f6sterir. \u015eirince Rehabilitasyon Merkezi olarak hafif, orta ve a\u011f\u0131r d\u00fczey zihinsel yetersizli\u011fe sahip \u00e7ocuklara \u00f6zel e\u011fitim programlar\u0131 sunuyoruz.<\/p>\n\n\n\n<p><strong>E\u011fitim \u0130\u00e7eri\u011fimiz<\/strong><\/p>\n\n\n\n<ul class=\"wp-block-list\">\n<li>Akademik beceri geli\u015ftirme<\/li>\n\n\n\n<li>Dil ve ileti\u015fim \u00e7al\u0131\u015fmalar\u0131<\/li>\n\n\n\n<li>G\u00fcnl\u00fck ya\u015fam becerileri<\/li>\n\n\n\n<li>\u00d6z bak\u0131m becerileri<\/li>\n\n\n\n<li>Sosyal ve duygusal geli\u015fim e\u011fitimi<\/li>\n\n\n\n<li>Motor beceri destek programlar\u0131<\/li>\n<\/ul>\n\n\n\n<p><strong>Bireysel ve Grup E\u011fitimleri<\/strong><\/p>\n\n\n\n<p>Her \u00f6\u011frencinin geli\u015fimi uzman e\u011fitimciler taraf\u0131ndan d\u00fczenli olarak takip edilir, e\u011fitimler bireyselle\u015ftirilir ve aileye \u00f6zel ev program\u0131 haz\u0131rlan\u0131r.<\/p>\n\n\n\n<p><strong>Aile E\u011fitimi ve Destek S\u00fcreci<\/strong><\/p>\n\n\n\n<p>Ailelerin s\u00fcrece dahil olmas\u0131 \u00e7ocu\u011fun geli\u015fim h\u0131z\u0131n\u0131 art\u0131r\u0131r. Merkezimiz ailelere d\u00fczenli bilgilendirme ve dan\u0131\u015fmanl\u0131k sa\u011flar.<\/p>\n\n\n\n<p><br><em><strong>Zihinsel engelliler e\u011fitimi hakk\u0131nda detayl\u0131 bilgi i\u00e7in hemen bizimle ileti\u015fime ge\u00e7ebilirsiniz.<\/strong><\/em><\/p>\n\n\n\n<p><\/p>\n","protected":false},"excerpt":{"rendered":"<p>Zihinsel Engelliler E\u011fitimi Zihinsel geli\u015fim d\u00fczeyi akranlar\u0131na g\u00f6re daha yava\u015f ilerleyen bireyler, do\u011fru e\u011fitim deste\u011fiyle ya\u015fam\u0131n her alan\u0131nda \u00f6nemli geli\u015fmeler g\u00f6sterir. \u015eirince Rehabilitasyon Merkezi olarak hafif, orta ve a\u011f\u0131r d\u00fczey zihinsel yetersizli\u011fe sahip \u00e7ocuklara \u00f6zel e\u011fitim programlar\u0131 sunuyoruz. E\u011fitim \u0130\u00e7eri\u011fimiz Bireysel ve Grup E\u011fitimleri Her \u00f6\u011frencinin geli\u015fimi uzman e\u011fitimciler taraf\u0131ndan d\u00fczenli olarak takip edilir, e\u011fitimler<span class=\"post-excerpt-end\">&hellip;<\/span><\/p>\n<p class=\"more-link\"><a href=\"https:\/\/www.sirincerehabilitasyon.com\/?page_id=161\" class=\"themebutton\">Read More<\/a><\/p>\n","protected":false},"author":1,"featured_media":0,"parent":0,"menu_order":0,"comment_status":"closed","ping_status":"closed","template":"","meta":{"_exactmetrics_skip_tracking":false,"_exactmetrics_sitenote_active":false,"_exactmetrics_sitenote_note":"","_exactmetrics_sitenote_category":0,"footnotes":""},"class_list":["post-161","page","type-page","status-publish","hentry"],"_links":{"self":[{"href":"https:\/\/www.sirincerehabilitasyon.com\/index.php?rest_route=\/wp\/v2\/pages\/161","targetHints":{"allow":["GET"]}}],"collection":[{"href":"https:\/\/www.sirincerehabilitasyon.com\/index.php?rest_route=\/wp\/v2\/pages"}],"about":[{"href":"https:\/\/www.sirincerehabilitasyon.com\/index.php?rest_route=\/wp\/v2\/types\/page"}],"author":[{"embeddable":true,"href":"https:\/\/www.sirincerehabilitasyon.com\/index.php?rest_route=\/wp\/v2\/users\/1"}],"replies":[{"embeddable":true,"href":"https:\/\/www.sirincerehabilitasyon.com\/index.php?rest_route=%2Fwp%2Fv2%2Fcomments&post=161"}],"version-history":[{"count":1,"href":"https:\/\/www.sirincerehabilitasyon.com\/index.php?rest_route=\/wp\/v2\/pages\/161\/revisions"}],"predecessor-version":[{"id":162,"href":"https:\/\/www.sirincerehabilitasyon.com\/index.php?rest_route=\/wp\/v2\/pages\/161\/revisions\/162"}],"wp:attachment":[{"href":"https:\/\/www.sirincerehabilitasyon.com\/index.php?rest_route=%2Fwp%2Fv2%2Fmedia&parent=161"}],"curies":[{"name":"wp","href":"https:\/\/api.w.org\/{rel}","templated":true}]}}