{"id":111,"date":"2024-01-09T10:56:03","date_gmt":"2024-01-09T10:56:03","guid":{"rendered":"http:\/\/www.sirincerehabilitasyon.com\/?page_id=111"},"modified":"2026-02-26T19:28:24","modified_gmt":"2026-02-26T19:28:24","slug":"hakkimizda","status":"publish","type":"page","link":"https:\/\/www.sirincerehabilitasyon.com\/?page_id=111","title":{"rendered":"Hakk\u0131m\u0131zda"},"content":{"rendered":"\n<p>\u00d6zel \u015eirince \u00d6zel E\u011fitim ve Rehabilitasyon Merkezi Bursa Nil\u00fcfer il\u00e7esi Konak Mahallesinde 2010 y\u0131l\u0131ndan itibaren Milli E\u011fitim Bakanl\u0131\u011f\u0131\u2019na ba\u011fl\u0131 olarak \u00e7al\u0131\u015fmaya ba\u015flad\u0131ktan sonra 2026 y\u0131l\u0131nda Osmangazi Alt\u0131parmak b\u00f6lgesine ta\u015f\u0131narak, i\u015fitme engelliler, dil konu\u015fma, \u00f6\u011frenme g\u00fc\u00e7l\u00fc\u011f\u00fc \u00e7eken bireyler, Otizm ve fizik tedavi ihtiyac\u0131 olan bireyler ve ailelerine rehabilitasyon, e\u011fitim \u2013 \u00f6\u011fretim ve psikolojik destek hizmeti sunmaktay\u0131z. Bireysel ve grup s\u0131n\u0131flar\u0131m\u0131zda uzman, deneyimli, geli\u015fim ve de\u011fi\u015fim s\u00fcre\u00e7lerine ayak uydurabilen \u00f6\u011fretmenlerimiz (\u0130\u015fitme Engelliler \u00d6\u011fretmeni, Dil ve Konu\u015fma Terapisti, Odyolog, Ergoterapist, \u00d6zel E\u011fitim \u00d6\u011fretmeni, \u00d6zel E\u011fitim Uzman\u0131, \u00c7ocuk Geli\u015fimi \u00d6\u011fretmeni, Okul \u00d6ncesi \u00d6\u011fretmeni,\u00a0Psikolog, Rehber \u00d6\u011fretmen) zengin materyaller e\u015fli\u011finde e\u011fitimlerini s\u00fcrd\u00fcrmektedirler. Uygun fiziki yap\u0131m\u0131z ve olu\u015fturdu\u011fumuz nezih ortam\u0131n yaratt\u0131\u011f\u0131 g\u00fcven i\u00e7inde, kuruldu\u011fumuz g\u00fcnden bu yana emin ad\u0131mlarla \u00e7izgimizden hi\u00e7 \u015fa\u015fmadan ilerlemekteyiz.<\/p>\n\n\n\n<p><strong>V\u0130ZYON<\/strong><\/p>\n\n\n\n<p>\u00a0 \u00a0 \u0130\u015fitme ve Dil Konu\u015fma bozuklu\u011fu yan\u0131nda Mental, Fiziksel vs. gibi \u00f6zel gereksinim ya\u015fayan her ya\u015fta birey i\u00e7in e\u011fitim ve rehabilitasyon hizmeti sunmak. Bireylerin kendi t\u00fcm engellerini a\u015farak kendilerine g\u00fcvenen, toplum\u00a0i\u00e7inde herkesle ileti\u015fim kurarak sosyal ya\u015famlar\u0131n\u0131 dengelemektir.<\/p>\n\n\n\n<p><strong>M\u0130SYON<\/strong><\/p>\n\n\n\n<p>\u00a0 \u00a0 \u00a0Her ya\u015fta bireyin i\u015fitme ve konu\u015fma, mental ve fiziksel yetisini uzman ekip g\u00f6zetiminde (\u0130\u015fitme Engelliler \u00d6\u011fretmeni, Dil ve Konu\u015fma Terapisti, Odyolog, Ergoterapist, \u00d6zel E\u011fitim \u00d6\u011fretmeni, \u00d6zel E\u011fitim Uzman\u0131, \u00c7ocuk Geli\u015fimi \u00d6\u011fretmeni, Okul \u00d6ncesi \u00d6\u011fretmeni,\u00a0Psikolog, Rehber \u00d6\u011fretmen) teknolojiden faydalanarak ya\u015f\u0131tlar\u0131n\u0131n seviyesine ula\u015ft\u0131rmak.<\/p>\n\n\n\n<figure class=\"wp-block-image size-large is-style-rounded\"><img loading=\"lazy\" decoding=\"async\" width=\"1024\" height=\"683\" src=\"http:\/\/www.sirincerehabilitasyon.com\/wp-content\/uploads\/2024\/01\/IMG_2007-1024x683.jpg\" alt=\"\" class=\"wp-image-116\" srcset=\"https:\/\/www.sirincerehabilitasyon.com\/wp-content\/uploads\/2024\/01\/IMG_2007-1024x683.jpg 1024w, https:\/\/www.sirincerehabilitasyon.com\/wp-content\/uploads\/2024\/01\/IMG_2007-300x200.jpg 300w, https:\/\/www.sirincerehabilitasyon.com\/wp-content\/uploads\/2024\/01\/IMG_2007-768x512.jpg 768w, https:\/\/www.sirincerehabilitasyon.com\/wp-content\/uploads\/2024\/01\/IMG_2007-1536x1024.jpg 1536w, https:\/\/www.sirincerehabilitasyon.com\/wp-content\/uploads\/2024\/01\/IMG_2007-2048x1365.jpg 2048w, https:\/\/www.sirincerehabilitasyon.com\/wp-content\/uploads\/2024\/01\/IMG_2007-570x380.jpg 570w, https:\/\/www.sirincerehabilitasyon.com\/wp-content\/uploads\/2024\/01\/IMG_2007-380x254.jpg 380w, https:\/\/www.sirincerehabilitasyon.com\/wp-content\/uploads\/2024\/01\/IMG_2007-285x190.jpg 285w\" sizes=\"auto, (max-width: 1024px) 100vw, 1024px\" \/><\/figure>\n","protected":false},"excerpt":{"rendered":"<p>\u00d6zel \u015eirince \u00d6zel E\u011fitim ve Rehabilitasyon Merkezi Bursa Nil\u00fcfer il\u00e7esi Konak Mahallesinde 2010 y\u0131l\u0131ndan itibaren Milli E\u011fitim Bakanl\u0131\u011f\u0131\u2019na ba\u011fl\u0131 olarak \u00e7al\u0131\u015fmaya ba\u015flad\u0131ktan sonra 2026 y\u0131l\u0131nda Osmangazi Alt\u0131parmak b\u00f6lgesine ta\u015f\u0131narak, i\u015fitme engelliler, dil konu\u015fma, \u00f6\u011frenme g\u00fc\u00e7l\u00fc\u011f\u00fc \u00e7eken bireyler, Otizm ve fizik tedavi ihtiyac\u0131 olan bireyler ve ailelerine rehabilitasyon, e\u011fitim \u2013 \u00f6\u011fretim ve psikolojik destek hizmeti sunmaktay\u0131z.<span class=\"post-excerpt-end\">&hellip;<\/span><\/p>\n<p class=\"more-link\"><a href=\"https:\/\/www.sirincerehabilitasyon.com\/?page_id=111\" class=\"themebutton\">Read More<\/a><\/p>\n","protected":false},"author":1,"featured_media":0,"parent":0,"menu_order":0,"comment_status":"closed","ping_status":"closed","template":"","meta":{"_exactmetrics_skip_tracking":false,"_exactmetrics_sitenote_active":false,"_exactmetrics_sitenote_note":"","_exactmetrics_sitenote_category":0,"footnotes":""},"class_list":["post-111","page","type-page","status-publish","hentry"],"_links":{"self":[{"href":"https:\/\/www.sirincerehabilitasyon.com\/index.php?rest_route=\/wp\/v2\/pages\/111","targetHints":{"allow":["GET"]}}],"collection":[{"href":"https:\/\/www.sirincerehabilitasyon.com\/index.php?rest_route=\/wp\/v2\/pages"}],"about":[{"href":"https:\/\/www.sirincerehabilitasyon.com\/index.php?rest_route=\/wp\/v2\/types\/page"}],"author":[{"embeddable":true,"href":"https:\/\/www.sirincerehabilitasyon.com\/index.php?rest_route=\/wp\/v2\/users\/1"}],"replies":[{"embeddable":true,"href":"https:\/\/www.sirincerehabilitasyon.com\/index.php?rest_route=%2Fwp%2Fv2%2Fcomments&post=111"}],"version-history":[{"count":2,"href":"https:\/\/www.sirincerehabilitasyon.com\/index.php?rest_route=\/wp\/v2\/pages\/111\/revisions"}],"predecessor-version":[{"id":190,"href":"https:\/\/www.sirincerehabilitasyon.com\/index.php?rest_route=\/wp\/v2\/pages\/111\/revisions\/190"}],"wp:attachment":[{"href":"https:\/\/www.sirincerehabilitasyon.com\/index.php?rest_route=%2Fwp%2Fv2%2Fmedia&parent=111"}],"curies":[{"name":"wp","href":"https:\/\/api.w.org\/{rel}","templated":true}]}}